)
136
(9 - -12) + 0 - (-202 + 175)
48
Evaluate -4 + -35 - (-13 + 61 + -14 + -23).
-50
What is -35 + (17 - 31) + 55 + -1 + -1?
4
-2193 + 2177 - (-87 + -2)
73
What is (-1 - -42 - (-12 + 41)) + (-111 - -3)?
-96
19 + -2 + (119 - 115) - 6
15
What is -26 + -1 + -33 + 1 + 3?
-56
Evaluate -56 + -40 + 195 + -63.
36
What is (-95 - 1) + (-2809 - -2847)?
-58
Evaluate -121 + 10 + -25 + -5 + 35.
-106
Calculate 0 - 2 - -2 - (-8 - -13) - (-57 + 54).
-2
Evaluate 69 - (4 - 1) - (-320 + 328).
58
What is the value of (38 - (-14 - -40) - (11 - 0)) + 48?
49
Calculate 24 - 3 - (54 + -39 - 23).
29
(-22 - (-49 - -60)) + -24
-57
Calculate 2189 + -2223 - (-75 + 2).
39
Calculate 6 - (-9 - -22) - -2 - (34 + -27).
-12
-1 + 85 + -26 - (0 + 16)
42
-26 + (-12 - -5 - 3) - -17
-19
What is the value of -56 + (27 - -17) - -45?
33
174 - 179 - (-4 + 8 + 5)
-14
What is -113 + 1 + (37 - 10) - -2?
-83
What is 120 + -51 + -116 - -53?
6
-9 + 22 + (-43 - -27) + (9 - 2) + 103
107
What is the value of (48 - (-77 - -55) - 49) + 9 + 0 + 1?
31
What is the value of -277 + 33 + 245 + 1 + -1 + 112?
113
64 + -60 + (2 - -4)
10
Calculate 887 - 932 - (-1 + -2 + 5).
-47
(-10 - (9 + -10 - 5)) + 235 + -148
83
-2288 + 2269 + (0 - -76)
57
Calculate 6 + 6 + (-1 - (-3 - -7)) + 199 + -149.
57
What is 5 + 6 - (-33 + (40 - (-15 + -17)))?
-28
What is the value of 14 + 0 - (28 + -21) - (32 + 3 + 9)?
-37
What is the value of (12 - (23 + -22)) + (-19 - (-5 + 16 + -5))?
-14
(115 + -56 + -45 - (98 + 1)) + -1
-86
Calculate -1 - ((-31 - (-72 - -25)) + 2).
-19
What is 60 + (24 - 64) + 8?
28
What is the value of 33 - ((109 - 149) + (1 - 29))?
101
What is the value of (22 - (0 - (41 + -12))) + 15?
66
Evaluate -1 + -22 - (39 - (-54 - -83)).
-33
(-1 - -13) + -28 + -17 + 15 + 8 + -9
-19
What is 57 - ((103 - 17) + 26)?
-55
Calculate 110 + -170 - (3 - 19).
-44
Calculate -44 + 33 + 48 - 56.
-19
What is the value of -135 + (10 - -60) + 8?
-57
Evaluate 85 - (32 + -45 + 54).
44
What is the value of -235 + 257 + (-9 - -18 - 8)?
23
(-43 - (38 + -72) - (1 + 5) - 4) + -10
-29
Evaluate 62 + -1 + -34 - 28.
-1
What is 59 - (65 - (-57 - -107))?
44
What is (-10 - (1 + 0)) + 81 + (46 - 24)?
92
Evaluate 17 - (50 - (-41 + (29 - 3))) - (0 - -2).
-50
(1 - 18) + -3 + (14 - 6 - 83)
-95
Calculate 25 + (-434 + 438 - (0 - 9)).
38
Calculate 68 + 9 + (-7 - 38).
32
What is the value of (-33 - -64 - 35) + -16 + 83?
63
Evaluate -61 - -101 - 45 - (16 + 1).
-22
Evaluate (-174 - -40) + 32 + -7 + 0.
-109
What is -13 + -8 + -12 + 19 + 20?
6
Calculate (-61 - -63 - (2 - -13)) + -6.
-19
What is (1 - (1 + 4) - (-26 + (-18 - -33))) + 54?
61
Calculate -90 - (15 - ((3 - 10) + (3 - (4 + -7)))).
-106
Evaluate 0 + -1 + (18 - 16) + 14 - 58.
-43
What is the value of 121 - 56 - 60 - (-17 - (-1 + 0))?
21
What is 2021 + -2040 + 0 + -50?
-69
What is the value of 8 + (-13 - (5 - 12)) + (-10 - -2) + -44?
-50
Evaluate (-64 - (1 + -3)) + 3 + (8557 - 8557).
-59
Evaluate 10 + (-1 - ((-1 - 6) + -2) - (-6 - -20)).
4
What is -33 - ((-17 - -26 - (-1 - -16 - 3)) + 11)?
-41
(-3 + 4 - 15) + (7 - -142) + (-14 - -17)
138
Evaluate 3 + -11 - (-32 - (20 + 2 - 15)).
31
Calculate (13 - (3 - 2) - -3) + (-26 + 74 - 45).
18
-6 - (14 + 10 + -26 + -3) - -85
84
Calculate 22 + (5 - 11) - 5 - (-67 - 11).
89
Calculate 7 + -11 + 11 + (-24 + -1 - (-77 + 69)).
-10
Evaluate -11282 - -11288 - (-1 + (2 - 0) - 18).
23
What is the value of -61 - (-25 + 5) - (-3 - -10 - 0)?
-48
What is 71 - (-6 + -9 + 10 + (5 - -14)) - 11?
46
What is (65 - 9) + -4 + (-2 - (5 - 8)) + 7?
60
Evaluate -43 + 17 + (10 - (33 - (-6 - -22))).
-33
-8 + ((16 - 2) + 76 - (-1 + (-11 - -13)))
81
Calculate (100 - (-63 + 131)) + (0 - 2).
30
Evaluate -30 + 3 - (-72 - (-107 + 2)).
-60
39 + -182 + 51 + 146
54
Calculate (122 - (44 + 77)) + 0 + -36.
-35
Evaluate (-364 - -339) + (22 - 1) - (3 + 0 + -34).
27
Evaluate -3 + 1 - -4 - (39 + (5 - (22 - 28))).
-48
-12 + -6 + 13 - (-40 + 57)
-22
(16 - 2) + (-373 - -348) + (1 - -13) - -24
27
(40 - 17) + (-5 - 34)
-16
-2 - (18 + (36 - 63) + -3 + (-2 - -24))
-12
What is (-19 - -34) + (0 - 48) + 74?
41
Evaluate (54 - 173 - -130) + (1 - 16).
-4
What is 76 + -13 + -66 + 95?
92
What is 14 + -14 + 6 + -15 - -41?
32
What is the value of -20 - ((-16 - -12) + (-76 - -7))?
53
12 - -45 - 38 - 22
-3
Calculate 209 + -172 - (10 - (2 + -4)).
25
What is 15 + -1 - (-11 - -6 - (-1 - -9))?
27
Evaluate 4 + (748 - 747) + 2 + 31.
38
-11 + 0 + (132 - 176)
-55
Calculate 7 + (-1 - 13 - 2) + -33.
-42
Calculate (3 - (-3 + 2)) + 2 - (5 - -11).
-10
(-5 - -9 - (-18 - -13)) + -3 - (-28 + 1)
33
-103 + (-115 - -92 - -77)
-49
Calculate -17 - ((122 - -18) + -32) - -44.
-81
What is (1 - -63) + (-29 - 17)?
18
Evaluate -6 + (7 - -2) + 0 + (4 - (98 - -13)).
-104
Calculate (3 - -7) + -6 + 3 - (151 + -149) - -70.
75
(-5 - -7 - 11) + 33 + -2
22
What is (-1 - (-10 - -9 - 1)) + -1 - 0?
0
Calculate -2 - (18 - 2) - (34 - ((-27 - -108) + -35)).
-6
What is 76 - ((6 - 86) + 197)?
-41
What is (21 - 0) + 21 + 30 + -179?
-107
Calculate (0 - 65) + 1 + 20 + -38.
-82
(-17 - 5) + (14 - (-31 + -46))
69
What is the value of 13 + (13 - -25) + -1 + -6 + 9?
53
Evaluate -55933 + 56025 - (1 + 8 - 1 - 0).
84
Evaluate 2 + 35 + -355 + 328 + (4 - 31).
-17
What is the value of 8 - (1 + 10) - -2 - 16?
-17
Calculate 79 - 0 - ((5 - (2 - -13)) + 0) - 4.
85
What is (32 - 8) + -35 - 13 - -20?
-4
What is -16 - (-97 + 79) - 11?
-9
Evaluate -3 + -7 + (-2 - 5) - 49 - (1 + 6).
-73
Evaluate -4 + (25 - 1) + -41 + 5.
-16
What is -6 + ((9 - 1) + -9 - -11) + (-8 - 12)?
-16
-112 + (58 - (-69 + 39))
-24
What is 75 + (-83 - 17) + 94?
69
Calculate -2 + -7 + -3 + 12 + -10 + 26.
16
What is the value of (3 - 48 - (-87 - -75)) + 3 + (0 - -1)?
-29
What is the value of (30 - (-8 - (1 + (-17 - 1)))) + -9?
12
Evaluate 42 - (-13 - ((4 - 4) + -4 + -21)).
30
Evaluate (-7 - -51) + (189 - 208).
25
Evaluate 70 + (-2 + 2 - -5) + (90 + -94 - 8).
63
What is 150 + 59 + 193 + -329?
73
Calculate 19 - (56 + -12 - 8) - -30.
13
Calculate -4 + (1 - 1) - (708 - 694 - (1 - -41)).
24
Evaluate -21 + -7 + 2 + (286 - 271).
-11
What is (11 - 1) + 75 + -133?
-48
What is the value of -58 - (112 + -88 - (30 - 4))?
-56
Evaluate 1 + -24 + 2 + -4 + 17 + (-16 - -10).
-14
What is (-101 - -107) + (1 - -32) - (-7 + (16 - 7))?
37
13 - ((6 - (-4 + 13) - (5 + -13)) + -13)
21
What is the value of (13 - 35) + (89 - 52)?
15
61 + (5 - (-6 - -5)) - (0 - (-11 + -1))
55
What is the value of 24 + (51 - (80 - -12))?
-17
What is -26843 + 26867 + (-138 - -1)?
-113
What is 23 - ((-26 - -81) + -25)?
-7
21 + 84 + -64 + (0 - 18) + -116
-93
Calculate (34 - (14 - 8)) + (10 + -26 - -11).
23
-4 - -16 - (36 - 80) - (35 + -33)
54
What is the value of 28 - 37 - (61 - 36 - (-10 - -1))?
-43
Evaluate ((-70 - 19) + 76 - (2 + (-3 - -3))) + -45.
-60
What is -34 - (-11 + 22 + 5 + -42)?
-8
Calculate (-116 - -22) + 150 + 0.
56
What is (38 - (30 - 15)) + -34?
-11
12 + -7 - (21 + -27)
11
-76 + -26 + -22 + -6 + 34 + -4
-100
What is the value of 2 - (22 + 18 + 13)?
-51
Evaluate -15 + (-3 + -5 + 12 - (78 + 15)).
-104
What is the value of (160 - (126 - -46)) + 1 + 11?
0
What is the value of 352 + -361 + 12 + -2 + -15?
-14
((-9 - (-9 + 4 + 6)) + -39 - -6) + 0
-43
What is the value of -3 + -12 - (30 + -12 + -13 + 15)?
-35
Evaluate 119 + -100 + 129 - 239.
-91
Evaluate -103 + -43 + 119 - (-54 + 1).
26
Calculate 0 + 9 + 2 + -20 + 49 + -1.
39
Calculate (-13 - -1) + 11 + (-16 + 14 - (-55 - 3)).
55
What is the value of -54 + -9 - (-233 - -216)?
-46
Calculate (-1 - -20 - (79 - (-9 + 66))) + -77.
-80
Evaluate 4 + -27 + 10 + 16 - (-13 + 2).
14
What is the value of (2 + 0 + 3 - -4) + 2957 + -3045?
-79
Calculate -7 - (-1 + 1 - -4 - ((-1 - 34) + -14)).
-60
Calculate 13 + (3 - (-11 + 11 + 0)) - 59.
-43
1 + -10 + (64 + -1 - (-43 + 12 + 32))
53
-34 - 6 - (-1 + 14 + 26 + -27)
-52
Evaluate 124 + (-124 - (-187 + 111)).
76
Evaluate (66812 - 66891) + -1 + (37 - 1).
-44
Calculate -5 + -4 + 5 + 2 - (-768 + 705).
61
What is (-90 - -18 - -83) + -80?
-69
Calculate 62 + -22 - 92 - -12.
-40
Calculate (-67 + 162 - 160) + -45.
-110
What is the value of 83 + -93 + 6 + (-3 - -5)?
-2
Calculate (-1051 - -1031) + 5 + -2.
-17
What is the value of 2755 - 2619 - (3 + 0 + 29)?
104
(29 + -50 - -112 - 42) + -1 + 9
57
What is (15 - (2 - -19)) + -6 + (21 - 2)?
7
What is the value of 12 + (17 + 6 - 75) + 21?
-19
